1
In base 9, what is 626 + 275888?
276625
In base 12, what is -45348 + -99?
-45425
In base 8, what is 1127 - 1124?
3
In base 10, what is 49 + -899310?
-899261
In base 8, what is 23203316 - 5?
23203311
In base 12, what is 67851b + -7?
678514
In base 11, what is 4 - 8245524?
-8245520
In base 3, what is 2200200 + 100222?
10001122
In base 10, what is -3 - -10515098?
10515095
In base 7, what is -3250 - -3024236?
3020656
In base 8, what is 616063641 + 3?
616063644
In base 2, what is 101 - 100101110000110101001110?
-100101110000110101001001
In base 9, what is 608 - -28825?
30534
In base 11, what is -491786a + -3?
-4917872
In base 10, what is -9041723 + 24?
-9041699
In base 3, what is -2022 + 121100022002222?
121100022000200
In base 10, what is 1017 + 64942?
65959
In base 4, what is -123211002322322 - -11?
-123211002322311
In base 4, what is 3 + 130123222?
130123231
In base 12, what is 1274b + 33?
12782
In base 5, what is -423240120 - -44?
-423240021
In base 15, what is a11eb + -93?
a1158
In base 2, what is -101 + 100000100000110100101101001?
100000100000110100101100100
In base 10, what is -5446 + 101120?
95674
In base 13, what is 92a + -52?
8a8
In base 7, what is -1354404144 + 1?
-1354404143
In base 10, what is -546246 - 14?
-546260
In base 3, what is 210221101 - 12010210?
121210121
In base 7, what is -41 - -22255112?
22255041
In base 14, what is -76 + -69648?
-696c0
In base 11, what is 34226 + -112?
34114
In base 5, what is -102400 + -1432111?
-2040011
In base 4, what is 23320301102323 - -2?
23320301102331
In base 5, what is 11 + 12143330243?
12143330304
In base 8, what is 104105 + 1345?
105452
In base 14, what is -40a723 - -9?
-40a718
In base 11, what is -8 - -39218a8?
39218a0
In base 12, what is 5932 + 4b896?
55608
In base 3, what is -1101211021 - -12122110?
-1012011211
In base 10, what is -185018 + 448?
-184570
In base 4, what is -1023300333230 - -3?
-1023300333221
In base 5, what is 1232 - 140223013?
-140221231
In base 10, what is -3594 - -36?
-3558
In base 8, what is -577 + 174115?
173316
In base 11, what is 8944 + -1737?
7208
In base 3, what is -1101021101102110 - 1201?
-1101021101111011
In base 14, what is c3448515 - -4?
c3448519
In base 12, what is -269 + 1a8?
-81
In base 8, what is -301411 + 717?
-300472
In base 9, what is 216 + 528272?
528488
In base 8, what is -4 + -30503305?
-30503311
In base 2, what is -110000111101010100100010 + 0?
-110000111101010100100010
In base 9, what is 44810 - 3177?
41622
In base 13, what is c8 + 306010?
306108
In base 3, what is 1010102 + -11002200?
-2222021
In base 8, what is 5 + 66102623?
66102630
In base 10, what is -6 - 888754?
-888760
In base 8, what is -3044 + 154522?
151456
In base 4, what is -13331 + 2023001301?
2022321310
In base 4, what is -11 + -33032130232?
-33032130303
In base 4, what is 11 + -13132012?
-13132001
In base 5, what is 243224201 - -24?
243224230
In base 3, what is 1 - 201112222210010?
-201112222210002
In base 14, what is -37257c3 + 4?
-37257bd
In base 8, what is 11 + -407431762?
-407431751
In base 9, what is -275604721 - 3?
-275604724
In base 4, what is -1030021213 + 311?
-1030020302
In base 4, what is -122331101002 + 303?
-122331100033
In base 13, what is -7cc42 + -2a?
-7cc6c
In base 6, what is -124 - -330444401?
330444233
In base 8, what is -613120540 - -3?
-613120535
In base 3, what is -11100102220012 - 100?
-11100102220112
In base 8, what is -1345642 - 7?
-1345651
In base 14, what is -8ba80 - -4d6?
-8b588
In base 7, what is -114 - -201622136?
201622022
In base 15, what is 1d8 - 54640?
-54457
In base 13, what is -153bc + -225?
-15614
In base 15, what is -71e5c1 + 1b?
-71e5a5
In base 14, what is -52a0d + -a?
-52a19
In base 6, what is -44405 + 52531?
4122
In base 9, what is -14 + -623125?
-623140
In base 5, what is 3121002 - -440?
3121442
In base 7, what is -105023 + -124142?
-232165
In base 5, what is 2023 - -4230302?
4232330
In base 12, what is 22830 - 14b?
226a1
In base 10, what is 53 - 80636?
-80583
In base 16, what is -1faa0e0 + 0?
-1faa0e0
In base 5, what is 2 - 10213122202?
-10213122200
In base 9, what is -1117 + -76221?
-77338
In base 16, what is 1a357ec + 2?
1a357ee
In base 9, what is -2058 - -56155?
54086
In base 5, what is -124404203103 + 2?
-124404203101
In base 2, what is 101010010 - 10010111010010001?
-10010110100111111
In base 8, what is -1 + 35461171?
35461170
In base 3, what is -200 + -201221201000021?
-201221201000221
In base 15, what is -683a5a - 4?
-683a5e
In base 11, what is 5 - 38798429?
-38798424
In base 11, what is 97a7 - -1a39?
10735
In base 9, what is -1403832 + 330?
-1403502
In base 10, what is 3607 - -7317?
10924
In base 5, what is -13100400110 + 13?
-13100400042
In base 3, what is -202 - 10220222011?
-10220222220
In base 3, what is -1012011 - -11022022110?
11021010022
In base 15, what is -6d9c - 1e86?
-8d33
In base 4, what is 2131131110 - -22?
2131131132
In base 15, what is 1 + 88b15?
88b16
In base 12, what is -9aaa04b3 - -1?
-9aaa04b2
In base 14, what is 28212d7 - 8?
28212cd
In base 13, what is 14b8 + ac1?
22a9
In base 7, what is -11514 - -12105?
261
In base 14, what is -33 + -3169dd9?
-316a02c
In base 13, what is -8a24 - 281?
-8ca5
In base 7, what is 240243 + -1234?
236006
In base 4, what is 3321220233 + 21?
3321220320
In base 12, what is 0 - 3a64a98?
-3a64a98
In base 13, what is c + -3a862?
-3a853
In base 3, what is 111102211211 - 2122?
111102202012
In base 14, what is 8c9 + 364?
c4d
In base 8, what is 3127 - 17750?
-14621
In base 5, what is 22130121 - 200?
22124421
In base 10, what is -4600 + -79018?
-83618
In base 7, what is -124 + -24301005?
-24301132
In base 15, what is -ba1e0 - 7a?
-ba26a
In base 2, what is -110010011100 - -10111101110?
-11010101110
In base 4, what is 203032223311 - 211?
203032223100
In base 9, what is -38 + -176386?
-176435
In base 5, what is -1202201230 - -4?
-1202201221
In base 12, what is 51 + -63412?
-63381
In base 2, what is -10 - -100100000110111011010101?
100100000110111011010011
In base 14, what is 1ba56d - 293?
1ba2ba
In base 7, what is -15602 - 1046101?
-1065003
In base 2, what is 11 - 11001101011101011011100?
-11001101011101011011001
In base 6, what is 131135532 + 3?
131135535
In base 6, what is -4451335202 - -4?
-4451335154
In base 10, what is -3 + 11611515?
11611512
In base 6, what is -241 + -12011223?
-12011504
In base 4, what is -2232 - -122332201211?
122332132313
In base 11, what is -13aa9 + 8a60?
-6049
In base 2, what is -1 - 10000001100100100?
-10000001100100101
In base 15, what is -9 - -cce3a1?
cce397
In base 13, what is -1 - 7b81560?
-7b81561
In base 12, what is -98900b + -219?
-989228
In base 11, what is 2aa5662 + 4?
2aa5666
In base 15, what is -3e1c + -bec?
-4b19
In base 2, what is 111101 - -100001011111100101101?
100001011111101101010
In base 10, what is 330939 + -190?
330749
In base 9, what is 24821 + -224?
24586
In base 16, what is -7160d5 - 2?
-7160d7
In base 10, what is -7249 + -5189?
-12438
In base 7, what is -20053 + 36006?
15623
In base 3, what is -12 - 2111122200222200?
-2111122200222212
In base 10, what is -9 - -464106?
464097
In base 16, what is -4 + 6f0700?
6f06fc
In base 6, what is -5312 + 2023353?
2014041
In base 7, what is 535 + -126441?
-125603
In base 15, what is 4 - -227d209?
227d20d
In base 3, what is 20202221210 + 22120?
20210021100
In base 12, what is 0 + -1b9aba2?
-1b9aba2
In base 15, what is -2 - -3bd1a9?
3bd1a7
In base 7, what is 2103100606 + 5?
2103100614
In base 8, what is 404 + 10323024?
10323430
In base 9, what is 1 - 342546636?
-342546635
In base 15, what is -4a - -15d5a4?
15d559
In base 13, what is -2 + -1b78c817?
-1b78c819
In base 4, what is -130322223 + -1133?
-130330022
In base 6, what is -324200 + -232134?
-1000334
In base 9, what is -247 - -7766?
7518
In base 11, what is -568339 + -3?
-568341
In base 12, what is -34 - 516?
-54a
In base 5, what is -4114 + -42424014?
-42433133
In base 16, what is cf1 - -472?
1163
In base 12, what is -17 - -1606157?
1606140
In base 12, what is 2004478 + 5?
2004481
In base 16, what is -4d5843e + 5?
-4d58439
In base 15, what is -4000 - -dd?
-3e12
In base 8, what is 6404 - 200773?
-172367
In base 8, what is 26 + 6503531?
6503557
In base 2, what is -101101011100111011 - -100001011011?
-101100111011100000
In base 2, what is 1111 + 1011011111000